{"id":212,"date":"2026-02-02T16:50:16","date_gmt":"2026-02-02T15:50:16","guid":{"rendered":"http:\/\/165.227.167.227\/?page_id=212"},"modified":"2026-04-14T09:29:32","modified_gmt":"2026-04-14T07:29:32","slug":"conocenos","status":"publish","type":"page","link":"https:\/\/nuevaweb.fhsm.es\/index.php\/colegio\/conocenos\/","title":{"rendered":"Con\u00f3cenos"},"content":{"rendered":"<style>.wp-block-kadence-advancedheading.kt-adv-heading212_f7acf1-ed, .wp-block-kadence-advancedheading.kt-adv-heading212_f7acf1-ed[data-kb-block=\"kb-adv-heading212_f7acf1-ed\"]{font-style:normal;}.wp-block-kadence-advancedheading.kt-adv-heading212_f7acf1-ed mark.kt-highlight, .wp-block-kadence-advancedheading.kt-adv-heading212_f7acf1-ed[data-kb-block=\"kb-adv-heading212_f7acf1-ed\"] mark.kt-highlight{font-style:normal;color:#f76a0c;-webkit-box-decoration-break:clone;box-decoration-break:clone;padding-top:0px;padding-right:0px;padding-bottom:0px;padding-left:0px;}.wp-block-kadence-advancedheading.kt-adv-heading212_f7acf1-ed img.kb-inline-image, .wp-block-kadence-advancedheading.kt-adv-heading212_f7acf1-ed[data-kb-block=\"kb-adv-heading212_f7acf1-ed\"] img.kb-inline-image{width:150px;vertical-align:baseline;}<\/style>\n<h2 class=\"kt-adv-heading212_f7acf1-ed wp-block-kadence-advancedheading\" data-kb-block=\"kb-adv-heading212_f7acf1-ed\">Bienvenida<\/h2>\n\n\n<style>.kb-row-layout-id212_77a1bc-06 > .kt-row-column-wrap{align-content:start;}:where(.kb-row-layout-id212_77a1bc-06 > .kt-row-column-wrap) > .wp-block-kadence-column{justify-content:start;}.kb-row-layout-id212_77a1bc-06 > .kt-row-column-wrap{column-gap:var(--global-kb-gap-md, 2rem);row-gap:var(--global-kb-gap-md, 2rem);padding-top:var(--global-kb-spacing-sm, 1.5rem);padding-bottom:var(--global-kb-spacing-sm, 1.5rem);grid-template-columns:minmax(0, 2fr) minmax(0, 1fr);}.kb-row-layout-id212_77a1bc-06 > .kt-row-layout-overlay{opacity:0.30;}@media all and (max-width: 1024px){.kb-row-layout-id212_77a1bc-06 > .kt-row-column-wrap{grid-template-columns:minmax(0, 2fr) minmax(0, 1fr);}}@media all and (max-width: 767px){.kb-row-layout-id212_77a1bc-06 > .kt-row-column-wrap{grid-template-columns:minmax(0, 1fr);}}<\/style><div class=\"kb-row-layout-wrap kb-row-layout-id212_77a1bc-06 alignnone wp-block-kadence-rowlayout\"><div class=\"kt-row-column-wrap kt-has-2-columns kt-row-layout-left-golden kt-tab-layout-inherit kt-mobile-layout-row kt-row-valign-top\">\n<style>.kadence-column212_b52de2-55 > .kt-inside-inner-col,.kadence-column212_b52de2-55 > .kt-inside-inner-col:before{border-top-left-radius:0px;border-top-right-radius:0px;border-bottom-right-radius:0px;border-bottom-left-radius:0px;}.kadence-column212_b52de2-55 > .kt-inside-inner-col{column-gap:var(--global-kb-gap-sm, 1rem);}.kadence-column212_b52de2-55 > .kt-inside-inner-col{flex-direction:column;}.kadence-column212_b52de2-55 > .kt-inside-inner-col > .aligncenter{width:100%;}.kadence-column212_b52de2-55 > .kt-inside-inner-col:before{opacity:0.3;}.kadence-column212_b52de2-55{position:relative;}@media all and (max-width: 1024px){.kadence-column212_b52de2-55 > .kt-inside-inner-col{flex-direction:column;justify-content:center;}}@media all and (max-width: 767px){.kadence-column212_b52de2-55 > .kt-inside-inner-col{flex-direction:column;justify-content:center;}}<\/style>\n<div class=\"wp-block-kadence-column kadence-column212_b52de2-55\"><div class=\"kt-inside-inner-col\">\n<p>Os invitamos a acceder a la informaci\u00f3n sobre nuestra&nbsp;comunidad educativa y sobre los servicios que nuestro Centro, una de las instituciones con m\u00e1s historia de A Coru\u00f1a, ofrece.<\/p>\n\n\n\n<p>La busca de la excelencia educativa, el compromiso y esfuerzo&nbsp;de profesores, personal de administraci\u00f3n y servicios y colaboradores es una constante de nuestra instituci\u00f3n desde el&nbsp;inicio de su compromiso&nbsp;cristiano, social y educativo, en el barrio de Santa Margarita y Agra del Orz\u00e1n a partir de 1929.<\/p>\n\n\n\n<p>El centro pertenece a la Fundaci\u00f3n&nbsp;del mismo nombre. Es un centro privado concertado que opta por el compromiso social y educativo&nbsp;y por la renovaci\u00f3n permanente en la busca&nbsp;de un mejor servicio al alumnado y a las familias. En este contexto fue seleccionado por la Administraci\u00f3n para participar como centro experimental en las sucesivas reformas educativas a partir de los a\u00f1os 70.<\/p>\n\n\n\n<p>Estamos abiertos a vuestras sugerencias y comentarios que, seguro, ayudar\u00e1n a que la calidad educativa&nbsp;contin\u00fae siendo nuestro referente.<\/p>\n<\/div><\/div>\n\n\n<style>.kadence-column212_16a32b-ab > .kt-inside-inner-col,.kadence-column212_16a32b-ab > .kt-inside-inner-col:before{border-top-left-radius:0px;border-top-right-radius:0px;border-bottom-right-radius:0px;border-bottom-left-radius:0px;}.kadence-column212_16a32b-ab > .kt-inside-inner-col{column-gap:var(--global-kb-gap-sm, 1rem);}.kadence-column212_16a32b-ab > .kt-inside-inner-col{flex-direction:column;}.kadence-column212_16a32b-ab > .kt-inside-inner-col > .aligncenter{width:100%;}.kadence-column212_16a32b-ab > .kt-inside-inner-col:before{opacity:0.3;}.kadence-column212_16a32b-ab{position:relative;}@media all and (max-width: 1024px){.kadence-column212_16a32b-ab > .kt-inside-inner-col{flex-direction:column;justify-content:center;}}@media all and (max-width: 767px){.kadence-column212_16a32b-ab > .kt-inside-inner-col{flex-direction:column;justify-content:center;}}<\/style>\n<div class=\"wp-block-kadence-column kadence-column212_16a32b-ab\"><div class=\"kt-inside-inner-col\">\n<figure class=\"wp-block-image size-full\"><img loading=\"lazy\" decoding=\"async\" width=\"960\" height=\"594\" src=\"https:\/\/nuevaweb.fhsm.es\/wp-content\/uploads\/2026\/04\/foto-aerea.jpg\" alt=\"\" class=\"wp-image-781\" srcset=\"https:\/\/nuevaweb.fhsm.es\/wp-content\/uploads\/2026\/04\/foto-aerea.jpg 960w, https:\/\/nuevaweb.fhsm.es\/wp-content\/uploads\/2026\/04\/foto-aerea-300x186.jpg 300w, https:\/\/nuevaweb.fhsm.es\/wp-content\/uploads\/2026\/04\/foto-aerea-768x475.jpg 768w\" sizes=\"auto, (max-width: 960px) 100vw, 960px\" \/><\/figure>\n<\/div><\/div>\n\n<\/div><\/div>\n\n<style>.wp-block-kadence-advancedheading.kt-adv-heading212_b767f4-2f, .wp-block-kadence-advancedheading.kt-adv-heading212_b767f4-2f[data-kb-block=\"kb-adv-heading212_b767f4-2f\"]{font-style:normal;}.wp-block-kadence-advancedheading.kt-adv-heading212_b767f4-2f mark.kt-highlight, .wp-block-kadence-advancedheading.kt-adv-heading212_b767f4-2f[data-kb-block=\"kb-adv-heading212_b767f4-2f\"] mark.kt-highlight{font-style:normal;color:#f76a0c;-webkit-box-decoration-break:clone;box-decoration-break:clone;padding-top:0px;padding-right:0px;padding-bottom:0px;padding-left:0px;}.wp-block-kadence-advancedheading.kt-adv-heading212_b767f4-2f img.kb-inline-image, .wp-block-kadence-advancedheading.kt-adv-heading212_b767f4-2f[data-kb-block=\"kb-adv-heading212_b767f4-2f\"] img.kb-inline-image{width:150px;vertical-align:baseline;}<\/style>\n<h2 class=\"kt-adv-heading212_b767f4-2f wp-block-kadence-advancedheading\" data-kb-block=\"kb-adv-heading212_b767f4-2f\">Historia del colegio<\/h2>\n\n\n<style>.kb-row-layout-id212_7698f2-46 > .kt-row-column-wrap{align-content:start;}:where(.kb-row-layout-id212_7698f2-46 > .kt-row-column-wrap) > .wp-block-kadence-column{justify-content:start;}.kb-row-layout-id212_7698f2-46 > .kt-row-column-wrap{column-gap:var(--global-kb-gap-md, 2rem);row-gap:var(--global-kb-gap-md, 2rem);padding-top:var(--global-kb-spacing-sm, 1.5rem);padding-bottom:var(--global-kb-spacing-sm, 1.5rem);grid-template-columns:minmax(0, 1fr) minmax(0, 2fr);}.kb-row-layout-id212_7698f2-46 > .kt-row-layout-overlay{opacity:0.30;}@media all and (max-width: 1024px){.kb-row-layout-id212_7698f2-46 > .kt-row-column-wrap{grid-template-columns:minmax(0, 1fr) minmax(0, 2fr);}}@media all and (max-width: 767px){.kb-row-layout-id212_7698f2-46 > .kt-row-column-wrap{grid-template-columns:minmax(0, 1fr);}}<\/style><div class=\"kb-row-layout-wrap kb-row-layout-id212_7698f2-46 alignnone wp-block-kadence-rowlayout\"><div class=\"kt-row-column-wrap kt-has-2-columns kt-row-layout-right-golden kt-tab-layout-inherit kt-mobile-layout-row kt-row-valign-top\">\n<style>.kadence-column212_5f2634-04 > .kt-inside-inner-col,.kadence-column212_5f2634-04 > .kt-inside-inner-col:before{border-top-left-radius:0px;border-top-right-radius:0px;border-bottom-right-radius:0px;border-bottom-left-radius:0px;}.kadence-column212_5f2634-04 > .kt-inside-inner-col{column-gap:var(--global-kb-gap-sm, 1rem);}.kadence-column212_5f2634-04 > .kt-inside-inner-col{flex-direction:column;}.kadence-column212_5f2634-04 > .kt-inside-inner-col > .aligncenter{width:100%;}.kadence-column212_5f2634-04 > .kt-inside-inner-col:before{opacity:0.3;}.kadence-column212_5f2634-04{position:relative;}@media all and (max-width: 1024px){.kadence-column212_5f2634-04 > .kt-inside-inner-col{flex-direction:column;justify-content:center;}}@media all and (max-width: 767px){.kadence-column212_5f2634-04 > .kt-inside-inner-col{flex-direction:column;justify-content:center;}}<\/style>\n<div class=\"wp-block-kadence-column kadence-column212_5f2634-04\"><div class=\"kt-inside-inner-col\">\n<figure class=\"wp-block-image size-full\"><img loading=\"lazy\" decoding=\"async\" width=\"669\" height=\"960\" src=\"https:\/\/nuevaweb.fhsm.es\/wp-content\/uploads\/2026\/04\/fachada-historica.jpg\" alt=\"\" class=\"wp-image-780\" srcset=\"https:\/\/nuevaweb.fhsm.es\/wp-content\/uploads\/2026\/04\/fachada-historica.jpg 669w, https:\/\/nuevaweb.fhsm.es\/wp-content\/uploads\/2026\/04\/fachada-historica-209x300.jpg 209w\" sizes=\"auto, (max-width: 669px) 100vw, 669px\" \/><\/figure>\n<\/div><\/div>\n\n\n<style>.kadence-column212_89fb3a-ac > .kt-inside-inner-col,.kadence-column212_89fb3a-ac > .kt-inside-inner-col:before{border-top-left-radius:0px;border-top-right-radius:0px;border-bottom-right-radius:0px;border-bottom-left-radius:0px;}.kadence-column212_89fb3a-ac > .kt-inside-inner-col{column-gap:var(--global-kb-gap-sm, 1rem);}.kadence-column212_89fb3a-ac > .kt-inside-inner-col{flex-direction:column;}.kadence-column212_89fb3a-ac > .kt-inside-inner-col > .aligncenter{width:100%;}.kadence-column212_89fb3a-ac > .kt-inside-inner-col:before{opacity:0.3;}.kadence-column212_89fb3a-ac{position:relative;}@media all and (max-width: 1024px){.kadence-column212_89fb3a-ac > .kt-inside-inner-col{flex-direction:column;justify-content:center;}}@media all and (max-width: 767px){.kadence-column212_89fb3a-ac > .kt-inside-inner-col{flex-direction:column;justify-content:center;}}<\/style>\n<div class=\"wp-block-kadence-column kadence-column212_89fb3a-ac\"><div class=\"kt-inside-inner-col\">\n<p>El Hogar de Santa Margarita es un colegio privado concertado que pertenece a la Fundaci\u00f3n del mismo nombre y que opta por la inclusi\u00f3n social y la renovaci\u00f3n permanente tratando de ofrecer el mejor servicio al alumnado y a las familias.<\/p>\n\n\n\n<p>El colegio Hogar de Santa Margarita nace al amparo de la Fundaci\u00f3n Hogar de Santa Margarita, que da sus primeros pasos en el a\u00f1o 1927 cuando las hermanas Su\u00e1rez Frige y un grupo de colaboradoras se unen para atender la catequesis de la ermita de Santa Margarita.<\/p>\n\n\n\n<p>A\u00f1os despu\u00e9s, se incorpora Don Jos\u00e9 Sardina, para mejorar la atenci\u00f3n a las necesidades b\u00e1sicas de los habitantes de la zona que van en aumento. Entre estas necesidades, estaba la labor docente, en un primer momento de manera espor\u00e1dica, pero a partir de 1944 ya de forma continuada con la puesta en marcha de ocho unidades.<\/p>\n\n\n\n<p>En el a\u00f1o 1970, y con una generosidad no suficientemente reconocida, el Hogar pone todo su empe\u00f1o en la escolarizaci\u00f3n de la zona de manera que, en poco tiempo pas\u00f3 de 240 a m\u00e1s de 1.000 alumnos.<\/p>\n\n\n\n<p>As\u00ed, el Hogar de Santa Margarita llega hasta nuestros d\u00edas teniendo como misi\u00f3n promover la educaci\u00f3n integral del alumnado desde una perspectiva cristiana, respetando, dentro de esta perspectiva, todas las ideolog\u00edas y creencias, e intentando darle a los discentes informaciones objetivas para que progresivamente formen sus criterios y, analizando la realidad, puedan tomar decisiones responsables.<\/p>\n<\/div><\/div>\n\n<\/div><\/div>\n\n\n<p><\/p>\n","protected":false},"excerpt":{"rendered":"<p>Bienvenida Os invitamos a acceder a la informaci\u00f3n sobre nuestra&nbsp;comunidad educativa y sobre los servicios que nuestro Centro, una de las instituciones con m\u00e1s historia de A Coru\u00f1a, ofrece. La&#8230;<\/p>\n","protected":false},"author":1,"featured_media":0,"parent":317,"menu_order":0,"comment_status":"closed","ping_status":"closed","template":"","meta":{"_kadence_starter_templates_imported_post":false,"_swpsp_post_exclude":false,"_kad_post_transparent":"","_kad_post_title":"","_kad_post_layout":"","_kad_post_sidebar_id":"","_kad_post_content_style":"","_kad_post_vertical_padding":"","_kad_post_feature":"","_kad_post_feature_position":"","_kad_post_header":false,"_kad_post_footer":false,"_kad_post_classname":"","footnotes":""},"class_list":["post-212","page","type-page","status-publish","hentry"],"_links":{"self":[{"href":"https:\/\/nuevaweb.fhsm.es\/index.php\/wp-json\/wp\/v2\/pages\/212","targetHints":{"allow":["GET"]}}],"collection":[{"href":"https:\/\/nuevaweb.fhsm.es\/index.php\/wp-json\/wp\/v2\/pages"}],"about":[{"href":"https:\/\/nuevaweb.fhsm.es\/index.php\/wp-json\/wp\/v2\/types\/page"}],"author":[{"embeddable":true,"href":"https:\/\/nuevaweb.fhsm.es\/index.php\/wp-json\/wp\/v2\/users\/1"}],"replies":[{"embeddable":true,"href":"https:\/\/nuevaweb.fhsm.es\/index.php\/wp-json\/wp\/v2\/comments?post=212"}],"version-history":[{"count":4,"href":"https:\/\/nuevaweb.fhsm.es\/index.php\/wp-json\/wp\/v2\/pages\/212\/revisions"}],"predecessor-version":[{"id":782,"href":"https:\/\/nuevaweb.fhsm.es\/index.php\/wp-json\/wp\/v2\/pages\/212\/revisions\/782"}],"up":[{"embeddable":true,"href":"https:\/\/nuevaweb.fhsm.es\/index.php\/wp-json\/wp\/v2\/pages\/317"}],"wp:attachment":[{"href":"https:\/\/nuevaweb.fhsm.es\/index.php\/wp-json\/wp\/v2\/media?parent=212"}],"curies":[{"name":"wp","href":"https:\/\/api.w.org\/{rel}","templated":true}]}}