{"id":709,"date":"2026-04-07T05:27:51","date_gmt":"2026-04-07T03:27:51","guid":{"rendered":"http:\/\/165.227.167.227\/?page_id=709"},"modified":"2026-04-15T19:49:24","modified_gmt":"2026-04-15T17:49:24","slug":"proyecto-educativo","status":"publish","type":"page","link":"https:\/\/nuevaweb.fhsm.es\/index.php\/colegio\/proyecto-educativo\/","title":{"rendered":"Proyecto educativo"},"content":{"rendered":"\n<h2 class=\"wp-block-heading\">Aspiraciones<\/h2>\n\n\n\n<p>Nuestro modelo educativo busca:<\/p>\n\n\n\n<ul class=\"wp-block-list\">\n<li>Complementar a las familias en el proceso de educaci\u00f3n integral del alumnado.<\/li>\n\n\n\n<li>Desenvolver la totalidad de las funciones de la persona: sensibilidad, afectividad, inteligencia, volici\u00f3n&#8230; En s\u00edntesis: sentidos e inteligencia, coraz\u00f3n y car\u00e1cter.<\/li>\n<\/ul>\n\n\n\n<p>Implica, por tanto, un triple \u00e1mbito en la preocupaci\u00f3n docente: conocimiento, conducta y voluntad, y la&nbsp; aceptaci\u00f3n de que la persona es un complejo de cuerpo y esp\u00edritu.<\/p>\n\n\n\n<h2 class=\"wp-block-heading\">Responsabilidad social<\/h2>\n\n\n\n<p>El Hogar es un Centro:<\/p>\n\n\n\n<ul class=\"wp-block-list\">\n<li>Abierto a todos, creyentes o no, con el \u00fanico l\u00edmite del respeto a nuestro ideario.<\/li>\n\n\n\n<li>Comprometido en el avance y dignificaci\u00f3n de nuestra sociedad.<\/li>\n\n\n\n<li>Que acoge y colabora con las diversas instituciones cristianas y civiles de se\u00f1alado compromiso social.<\/li>\n\n\n\n<li>Que excluye el af\u00e1n de lucro.<\/li>\n<\/ul>\n\n\n\n<h2 class=\"wp-block-heading\">Filosof\u00eda educativa<\/h2>\n\n\n\n<p>Aspiramos a ofrecer una educaci\u00f3n integral, activa y personalizada que permita:<\/p>\n\n\n\n<ul class=\"wp-block-list\">\n<li>Desarrollar en cada alumno\/la sus cualidades respetando su ritmo de aprendizaje y maduraci\u00f3n.<\/li>\n\n\n\n<li>Orientar nuestra acci\u00f3n formadora desde los derechos y libertades fundamentales dentro de los principios democr\u00e1ticos de convivencia y potenciando la solidaridad, el respeto a los dem\u00e1s, la actitud de di\u00e1logo y los valores democr\u00e1ticos.<\/li>\n<\/ul>\n\n\n\n<h2 class=\"wp-block-heading\">Plan de convivencia<\/h2>\n\n\n\n<p>El plan de convivencia del centro es el documento en el que se articula la convivencia escolar, que garantiza una educaci\u00f3n en el ejercicio de los derechos y de las libertades dentro de los principios democr\u00e1ticos de convivencia, as\u00ed como en la prevenci\u00f3n de conflitos y&nbsp; su resoluci\u00f3n pac\u00edfica.<\/p>\n\n\n\n<h2 class=\"wp-block-heading\">Descarga de documentaci\u00f3n:<\/h2>\n\n\n\n<div style=\"height:0px\" aria-hidden=\"true\" class=\"wp-block-spacer\"><\/div>\n\n\n\n<div class=\"wp-block-buttons is-content-justification-center is-layout-flex wp-container-core-buttons-is-layout-16018d1d wp-block-buttons-is-layout-flex\">\n<div class=\"wp-block-button has-custom-width wp-block-button__width-100\"><a class=\"wp-block-button__link wp-element-button\" href=\"https:\/\/nuevaweb.fhsm.es\/wp-content\/uploads\/2026\/04\/proyecto-educativo.pdf\">Proyecto educativo<\/a><\/div>\n\n\n\n<div class=\"wp-block-button has-custom-width wp-block-button__width-100\"><a class=\"wp-block-button__link wp-element-button\" href=\"https:\/\/nuevaweb.fhsm.es\/wp-content\/uploads\/2026\/04\/plan-de-convivencia.pdf\">plan de convivencia<\/a><\/div>\n\n\n\n<div class=\"wp-block-button has-custom-width wp-block-button__width-100\"><a class=\"wp-block-button__link wp-element-button\" href=\"https:\/\/nuevaweb.fhsm.es\/wp-content\/uploads\/2026\/04\/programacion-general-anual.pdf\">programaci\u00f3n general anual<\/a><\/div>\n\n\n\n<div class=\"wp-block-button has-custom-width wp-block-button__width-100 is-style-fill\"><a class=\"wp-block-button__link wp-element-button\" href=\"https:\/\/nuevaweb.fhsm.es\/wp-content\/uploads\/2026\/04\/nof.pdf\">normas de organizaci\u00f3n y funcionamiento<\/a><\/div>\n<\/div>\n\n\n\n<div style=\"height:42px\" aria-hidden=\"true\" class=\"wp-block-spacer\"><\/div>\n\n\n\n<p><\/p>\n","protected":false},"excerpt":{"rendered":"<p>Aspiraciones Nuestro modelo educativo busca: Implica, por tanto, un triple \u00e1mbito en la preocupaci\u00f3n docente: conocimiento, conducta y voluntad, y la&nbsp; aceptaci\u00f3n de que la persona es un complejo de&#8230;<\/p>\n","protected":false},"author":1,"featured_media":0,"parent":317,"menu_order":0,"comment_status":"closed","ping_status":"closed","template":"","meta":{"_kadence_starter_templates_imported_post":false,"_swpsp_post_exclude":false,"_kad_post_transparent":"","_kad_post_title":"","_kad_post_layout":"","_kad_post_sidebar_id":"","_kad_post_content_style":"","_kad_post_vertical_padding":"","_kad_post_feature":"","_kad_post_feature_position":"","_kad_post_header":false,"_kad_post_footer":false,"_kad_post_classname":"","footnotes":""},"class_list":["post-709","page","type-page","status-publish","hentry"],"_links":{"self":[{"href":"https:\/\/nuevaweb.fhsm.es\/index.php\/wp-json\/wp\/v2\/pages\/709","targetHints":{"allow":["GET"]}}],"collection":[{"href":"https:\/\/nuevaweb.fhsm.es\/index.php\/wp-json\/wp\/v2\/pages"}],"about":[{"href":"https:\/\/nuevaweb.fhsm.es\/index.php\/wp-json\/wp\/v2\/types\/page"}],"author":[{"embeddable":true,"href":"https:\/\/nuevaweb.fhsm.es\/index.php\/wp-json\/wp\/v2\/users\/1"}],"replies":[{"embeddable":true,"href":"https:\/\/nuevaweb.fhsm.es\/index.php\/wp-json\/wp\/v2\/comments?post=709"}],"version-history":[{"count":5,"href":"https:\/\/nuevaweb.fhsm.es\/index.php\/wp-json\/wp\/v2\/pages\/709\/revisions"}],"predecessor-version":[{"id":794,"href":"https:\/\/nuevaweb.fhsm.es\/index.php\/wp-json\/wp\/v2\/pages\/709\/revisions\/794"}],"up":[{"embeddable":true,"href":"https:\/\/nuevaweb.fhsm.es\/index.php\/wp-json\/wp\/v2\/pages\/317"}],"wp:attachment":[{"href":"https:\/\/nuevaweb.fhsm.es\/index.php\/wp-json\/wp\/v2\/media?parent=709"}],"curies":[{"name":"wp","href":"https:\/\/api.w.org\/{rel}","templated":true}]}}